2900?
True
Is 55250496 a multiple of 55?
False
Is 149865110 a multiple of 5?
True
Is 3 a factor of 104779437?
True
Does 7 divide 347246501?
True
Does 1216 divide 25634496?
True
Does 15 divide 24453915?
True
Is 4490677559 a multiple of 1076?
False
Is 28 a factor of 3237549996?
False
Is 54 a factor of 6138126?
True
Is 3458 a factor of 231686?
True
Is 397 a factor of 2328322027?
True
Is 4 a factor of 1261992?
True
Is 413769924 a multiple of 4791?
True
Is 737175208 a multiple of 7433?
True
Is 47492430 a multiple of 29?
True
Is 10828817 a multiple of 145?
False
Is 78 a factor of 187376826?
True
Does 116 divide 29302992?
True
Is 375425678 a multiple of 13?
False
Is 14 a factor of 24620456?
True
Is 289 a factor of 10735813?
False
Does 907 divide 88133416?
False
Does 8 divide 2091638936?
True
Is 1443 a factor of 1185127242?
True
Is 118090504 a multiple of 88?
False
Is 36 a factor of 139859161?
False
Does 17 divide 25785119?
False
Is 158 a factor of 720624284?
False
Does 5 divide 25508503?
False
Is 2281 a factor of 26229543?
False
Does 3033 divide 118544805?
True
Does 14 divide 115335?
False
Does 6 divide 13992396?
True
Does 279 divide 3673314?
True
Is 60147286 a multiple of 175?
False
Is 89 a factor of 508175671?
True
Is 1736898633 a multiple of 8419?
True
Is 110869773 a multiple of 935?
False
Does 711 divide 43604919?
True
Is 71247936 a multiple of 16?
True
Is 414 a factor of 108103120?
False
Does 2903 divide 60481102?
True
Is 2252799256 a multiple of 3554?
False
Does 681 divide 749132007?
True
Is 392 a factor of 20336568?
True
Does 34 divide 943381170?
True
Is 1126 a factor of 58552?
True
Is 144 a factor of 11794651?
False
Is 232024142 a multiple of 53?
True
Is 2457 a factor of 1256366835?
False
Does 263 divide 15226693?
False
Does 10 divide 408774513?
False
Is 56150516 a multiple of 294?
False
Is 121388297 a multiple of 2433?
False
Does 20 divide 12667059?
False
Is 12 a factor of 23893957?
False
Is 103 a factor of 10695705?
False
Is 10 a factor of 57608881?
False
Is 136371509 a multiple of 3547?
True
Is 20 a factor of 678215060?
True
Does 237 divide 10284965?
False
Is 1122222 a multiple of 318?
True
Is 98 a factor of 4121486092?
False
Is 1070501420 a multiple of 95?
True
Is 9858474 a multiple of 5?
False
Is 23 a factor of 243804715?
True
Is 170576552 a multiple of 2?
True
Is 1338135045 a multiple of 13226?
False
Is 68553522 a multiple of 9?
True
Is 7977682804 a multiple of 14?
True
Is 767735374 a multiple of 35?
False
Does 1297 divide 41009843?
True
Does 173 divide 6460167008?
False
Is 170232990 a multiple of 28?
False
Is 471 a factor of 34543140?
True
Is 90361 a multiple of 3?
False
Is 137 a factor of 71655247?
True
Does 203 divide 911245076?
True
Is 69156568 a multiple of 8?
True
Is 272680408 a multiple of 286?
True
Is 10 a factor of 3800630?
True
Is 7 a factor of 61376008?
False
Is 13 a factor of 114202296?
True
Is 128 a factor of 938496?
True
Does 61 divide 60768418?
False
Is 1367480087 a multiple of 7766?
False
Is 227619365 a multiple of 5?
True
Is 40525559 a multiple of 54?
False
Does 69 divide 355630890?
False
Does 93 divide 3407706?
True
Is 192966900 a multiple of 980?
True
Does 16 divide 142522256?
True
Does 3012 divide 340033716?
True
Does 29 divide 59656591?
False
Is 662 a factor of 144322549?
False
Is 11760385 a multiple of 464?
False
Does 1373 divide 484155723?
False
Is 2 a factor of 43389829?
False
Is 166 a factor of 190708934?
True
Is 4 a factor of 101076398?
False
Is 1172129491 a multiple of 74?
False
Is 10 a factor of 300992678?
False
Does 73 divide 102128095?
True
Is 764179640 a multiple of 797?
False
Is 1676 a factor of 1226674258?
False
Does 69 divide 18071627?
False
Is 3 a factor of 389754917?
False
Is 40 a factor of 34447640?
True
Is 22859066 a multiple of 119?
False
Is 289712064 a multiple of 16?
True
Does 1026 divide 4104000?
True
Is 102 a factor of 930650244?
True
Does 36 divide 12080736?
True
Does 12 divide 31260876?
True
Is 20514910 a multiple of 124?
False
Is 1768198704 a multiple of 488?
True
Is 387792640 a multiple of 464?
True
Is 345 a factor of 895573080?
True
Is 29 a factor of 118051485?
False
Is 21 a factor of 35670924?
False
Does 6 divide 16111309?
False
Is 1802 a factor of 484898378?
True
Is 25 a factor of 75740143?
False
Does 2 divide 206083?
False
Is 429992505 a multiple of 104?
False
Is 110 a factor of 7328794?
False
Does 994 divide 130751175?
False
Is 13 a factor of 122741620?
False
Does 18 divide 36661086?
True
Is 124821931 a multiple of 389?
True
Is 393151932 a multiple of 36?
True
Does 3 divide 4706361?
True
Is 4905026 a multiple of 1821?
False
Is 65 a factor of 104517135?
False
Is 10282 a factor of 1312260814?
True
Is 3146461560 a multiple of 990?
True
Does 8 divide 174259160?
True
Does 1746 divide 381670649?
False
Is 207366014 a multiple of 371?
False
Does 116 divide 2053747408?
False
Does 3 divide 20176233?
True
Does 971 divide 54190539?
True
Does 4523 divide 238710371?
True
Is 4 a factor of 49466220?
True
Is 200631854 a multiple of 368?
False
Is 51942439 a multiple of 4929?
False
Does 184 divide 14217312?
True
Is 995 a factor of 2986789010?
True
Is 362341683 a multiple of 150?
False
Is 144 a factor of 11826937?
False
Does 2950 divide 99683450?
True
Does 15 divide 624602055?
True
Is 107 a factor of 21050431?
True
Is 1055 a factor of 250777720?
True
Does 2165 divide 138148650?
True
Is 2027 a factor of 117732214?
True
Is 4 a factor of 44394468?
True
Does 15 divide 11172525?
True
Is 197895 a multiple of 49?
False
Is 45 a factor of 423564582?
False
Does 481 divide 95610754?
False
Is 178 a factor of 28857894?
True
Is 152 a factor of 151809392?
True
Is 15393546 a multiple of 186?
True
Is 333092773 a multiple of 1612?
False
Is 691 a factor of 91242841?
False
Is 402978246 a multiple of 33?
True
Is 5 a factor of 505046464?
False
Is 1566436209 a multiple of 13?
True
Does 111 divide 933647751?
True
Does 174 divide 82611123?
False
Is 342094416 a multiple of 159?
False
Is 1893 a factor of 133140821?
False
Does 2299 divide 1955892855?
False
Is 4240 a factor of 88162320?
True
Is 12593089 a multiple of 44?
False
Is 222669034 a multiple of 1813?
True
Is 2251 a factor of 667898422?
False
Does 1062 divide 15609276?
True
Does 17 divide 47242252?
True
Does 199 divide 5793885?
True
Is 13 a factor of 2956696?
False
Is 46571070 a multiple of 1274?
True
Is 72 a factor of 44402214?
False
Does 2 divide 253305144?
True
Is 299571770 a multiple of 4514?
False
Is 1054 a factor of 756012?
False
Is 476 a factor of 16283484?
True
Is 1491949707 a multiple of 45?
False
Does 359 divide 40137277?
True
Does 2038 divide 1136252254?
True
Is 55 a factor of 349798185?
True
Is 592 a factor of 1265770696?
False
Does 80 divide 9812356?
False
Is 1548517577 a multiple of 79?
False
Is 33981479 a multiple of 2230?
False
Does 179 divide 2674618?
True
Is 60620014 a multiple of 9289?
True
Is 70167230 a multiple of 106?
True
Is 177121935 a multiple of 574?
False
Is 713056304 a multiple of 2588?
False
Is 4 a factor of 255576387?
False
Does 830 divide 166391760?
True
Is 70 a factor of 38677730?
True
Is 968 a factor of 42549408?
True
Is 79 a factor of 1412272432?
False
Is 61 a factor of 13774449?
False
Does 22 divide 751474140?
False
Does 982 divide 56065326?
True
Is 19389042 a multiple of 321?
True
Is 157549496 a multiple of 52?
True
Is 46735255 a multiple of 212?
False
Is 3487857324 a multiple of 6499?
True
Is 48418896 a multiple of 8?
True
Does 116 divide 1755080?
True
Is 924543381 a multiple of 27?
False
Does 80 divide 5028160?
True
Does 7 divide 108332989?
False
Does 33 divide 43789937?
False
Does 71 divide 87965805?
True
Is 7 a factor of 41370645?
False
Is 358 a factor of 74129384?
False
Is 2601 a factor of 7617704?
False
Is 129245077 a multiple of 419?
False
Does 5 divide 18488262?
False
Is 4 a factor of 12878794?
False
Does 1038 divide 2379088296?
False
Is 38 a factor of 13566608?
True
Is 6769635 a multiple of 19?
False
Is 5377246 a multiple of 98?
False
Is 13 a factor of 585137524?
False
Does 37 divide 312017875?
False
Is 14726885 a multiple of 4?
False
Is 4 a factor of 7195000?
True
Is 1730520 a multiple of 4?
True
Is 11 a factor of 33436062?
True
Is 55 a factor of 201851179?
False
Is 1871309700 a multiple of 10?
True
Does 1682 divide 20830318?